In base 11, what is -193 + -44a0a2?
-44a285
In base 4, what is 103 - 313330303332?
-313330303223
In base 11, what is -407 + 5138?
4831
In base 14, what is -8c7 + 4ba6?
42bd
In base 15, what is -1de570 + 8?
-1de567
In base 3, what is 1110222110000 + 202?
1110222110202
In base 12, what is -1545 - 90038?
-91581
In base 8, what is -51253370 - 1?
-51253371
In base 11, what is a9077 + 55a8?
103674
In base 14, what is 19922 - -29?
1994b
In base 3, what is 12110201 - -12201122?
102012100
In base 2, what is 0 + -10100000010000000111?
-10100000010000000111
In base 2, what is 1001101000110010 - 110010010?
1001100010100000
In base 12, what is -18 - 7722318?
-7722334
In base 8, what is -4 + 70573352?
70573346
In base 9, what is -3131 + 152007?
147766
In base 7, what is 313 - 24630442?
-24630126
In base 9, what is 7 + 37511582?
37511600
In base 9, what is 4458616 - -10?
4458626
In base 7, what is 325 + 632415?
633043
In base 15, what is -565 + 1613?
109d
In base 5, what is 21430220140 + -2?
21430220133
In base 7, what is 4 - 2001620?
-2001613
In base 15, what is 3539 - 417?
3122
In base 8, what is -24 - 1234?
-1260
In base 16, what is c - -3a32818?
3a32824
In base 7, what is -20 + 40343122?
40343102
In base 6, what is -351310 - -23441?
-323425
In base 7, what is -1040225 - -21?
-1040204
In base 11, what is -15551a + -58?
-155577
In base 11, what is 652172 + -30?
652142
In base 9, what is 767622 - 218?
767403
In base 15, what is a4334 - -3d?
a4372
In base 13, what is 1093 + 653?
1716
In base 16, what is -6 - -568fd?
568f7
In base 12, what is -145868 + 225?
-145643
In base 12, what is -4 - -50b99749?
50b99745
In base 14, what is -12824 + 244?
-125c0
In base 11, what is 488 - -3a929?
40306
In base 3, what is -100000222001212 - -11?
-100000222001201
In base 12, what is 599b - -33?
5a12
In base 7, what is -1165001 + -11?
-1165012
In base 10, what is 0 - -5773740?
5773740
In base 2, what is 10000011010101010001101 + 10?
10000011010101010001111
In base 5, what is 141121244 + 20001?
141141300
In base 7, what is -2 + -346516440?
-346516442
In base 8, what is 24 + 121765505?
121765531
In base 6, what is 115222332 - 0?
115222332
In base 5, what is -12203343112 + 11?
-12203343101
In base 2, what is 10000101 - -111110111110011?
111111001111000
In base 13, what is -c9c + -acc5?
-bc94
In base 16, what is 2636307 - 0?
2636307
In base 5, what is -422211044 + 2144?
-422203400
In base 9, what is -12 - -2846804?
2846782
In base 16, what is 9d0 + -3fdb?
-360b
In base 6, what is 34433015 + 1012?
34434031
In base 2, what is 11 - 10010001011111010110101000?
-10010001011111010110100101
In base 2, what is -11011110011 + 1110100100110000100?
1110100001010010001
In base 2, what is 1100111101101000 + -11010110?
1100111010010010
In base 15, what is 1877 - -3ed5?
585c
In base 10, what is -2 + -27171416?
-27171418
In base 2, what is -111010000110100000 - 100001010?
-111010001010101010
In base 15, what is -14130ee - 5?
-1413104
In base 6, what is 41133 + -335453?
-254320
In base 8, what is -4 - 5616573?
-5616577
In base 11, what is 2 + 1500677?
1500679
In base 13, what is -1ac675 + 29?
-1ac649
In base 9, what is -33342145 + -7?
-33342153
In base 9, what is 12238 - -27070?
40318
In base 4, what is 20032020201 - 21?
20032020120
In base 9, what is 766068 - 625?
765343
In base 6, what is -224 + 1354003?
1353335
In base 10, what is -875020 - -3?
-875017
In base 9, what is 2561 + -1082?
1468
In base 14, what is -123431 + -4b?
-12347c
In base 4, what is 202120222323 - -13?
202120223002
In base 11, what is -10 - -74a3943?
74a3933
In base 12, what is -1781 + -b4a?
-270b
In base 3, what is 10 - 210111002112?
-210111002102
In base 10, what is -6 + -10985073?
-10985079
In base 15, what is 344 - a3896?
-a3552
In base 8, what is -2 + -16233311?
-16233313
In base 4, what is -2033300 + -32313?
-2132213
In base 3, what is -110111 - -112021201?
111211020
In base 15, what is ab7376 - -4?
ab737a
In base 15, what is 1ed3a47c + 0?
1ed3a47c
In base 12, what is -89915b - -2?
-899159
In base 12, what is 357b7b + 1?
357b80
In base 4, what is 11 - -201122303010?
201122303021
In base 14, what is -3 + -39439524?
-39439527
In base 2, what is 100011001100 - 100001010100?
1111000
In base 3, what is 10 + 10120220102200?
10120220102210
In base 13, what is -1a882 - -1a96?
-18ab9
In base 2, what is -111011110011101100011110110 + -11?
-111011110011101100011111001
In base 9, what is -122856 - -482?
-122364
In base 14, what is -1 + 8c07021?
8c07020
In base 13, what is b + aaa49?
aaa57
In base 16, what is 7e0678 - 4?
7e0674
In base 5, what is -111220 + -43000?
-204220
In base 14, what is -32 + 1ca3538?
1ca3506
In base 11, what is 10515a8 - 61?
1051547
In base 12, what is -1 - 37b254?
-37b255
In base 11, what is -1a308a56 - -1?
-1a308a55
In base 15, what is 145db94 + -2?
145db92
In base 9, what is -1007 + -2812?
-3820
In base 14, what is -581a - -335d?
-249b
In base 8, what is 16234 + 137407?
155643
In base 14, what is -274 + 3a9a?
3826
In base 16, what is 221 + -1ad5?
-18b4
In base 7, what is -4 - -4354136?
4354132
In base 16, what is -4603 - -370?
-4293
In base 13, what is -21a3154 - 1?
-21a3155
In base 13, what is -4b22566 + -9?
-4b22572
In base 2, what is -101 + -110101011001000100010?
-110101011001000100111
In base 3, what is -201000211 + 1020?
-200222121
In base 14, what is -b2a12 - 4?
-b2a16
In base 7, what is 61665 - 103?
61562
In base 11, what is 22840748 - -3?
22840750
In base 11, what is -2a72 + -101?
-3073
In base 5, what is 32 - -11200?
11232
In base 14, what is -86344556 + -2?
-86344558
In base 11, what is 1328729 + 3a?
1328768
In base 7, what is 6231 - -1124010?
1133241
In base 15, what is -eb4e39 - -3?
-eb4e36
In base 16, what is -a44 - 311?
-d55
In base 9, what is 1378 + -1047643?
-1046254
In base 12, what is 11b - 48762?
-48643
In base 4, what is 1013312 + 10002?
1023320
In base 16, what is -1abaf - a88?
-1b637
In base 8, what is 2 + -1341214352?
-1341214350
In base 12, what is 3450 + 23a?
368a
In base 13, what is -212 - -13c78?
13a66
In base 9, what is -485 - 160511?
-161106
In base 16, what is 41cf8b7 - -2?
41cf8b9
In base 12, what is -a515 - -aa5?
-9630
In base 9, what is -17 + 1251280?
1251262
In base 6, what is 33 + 3440543?
3441020
In base 7, what is -24656 + 20161?
-4465
In base 13, what is -67 - c0a77?
-c0b11
In base 15, what is 13a1 + -516?
d8a
In base 2, what is -100110111000 - 101?
-100110111101
In base 3, what is -1122221 - 101102010?
-110002001
In base 3, what is 21022210012022021 - 11?
21022210012022010
In base 5, what is -10000210301 - -1?
-10000210300
In base 11, what is -59 - -70963?
70905
In base 8, what is -10633 + -252225?
-263060
In base 12, what is 2a3 - a2639?
-a2356
In base 7, what is 301 - 5334253?
-5333652
In base 10, what is -5281 + -4697?
-9978
In base 4, what is -30021 + -13200111?
-13230132
In base 4, what is -130 + -2121322?
-2122112
In base 9, what is -343 - 2141536?
-2141880
In base 2, what is 1111000110010101100 - -1000?
1111000110010110100
In base 13, what is 37 - 10328?
-102c1
In base 9, what is 13 + 10702475?
10702488
In base 14, what is 4 + b9ba743?
b9ba747
In base 8, what is 1117177225 + 5?
1117177232
In base 4, what is -233133 + -2122230?
-3022023
In base 2, what is 110 + 1101000010010101000?
1101000010010101110
In base 3, what is -110102200111202121 - 12?
-110102200111202210
In base 16, what is -b5f + -1ff?
-d5e
In base 4, what is -112 - -133101123?
133101011
In base 13, what is 1033 + -50c?
824
In base 6, what is -1512451452 - -3?
-1512451445
In base 16, what is -266 + -4083e?
-40aa4
In base 9, what is 47327128 + -41?
47327077
In base 2, what is -1111000110111010 + 101010100?
-1111000001100110
In base 10, what is 13886037 - -4?
13886041
In base 11, what is 81 + 17958a?
179660
In base 8, what is 1731134033 + 5?
1731134040
In base 9, what is 24272 + -224?
24047
In base 4, what is 23332 - -1300031211?
1300121203
In base 15, what is 5a - e23d?
-e1d3
In base 14, what is -28786d4 + -13?
-2878707
In base 6, what is -22450434152 + -1?
-22450434153
In base 10, what is 37512487 - -6?
37512493
In base 8, what is -3010 - 364311?
-367321
In base 6, what is 3553 + 10105001?
10112554
In base 8, what is 143335076 - 26?
143335050
In base 14, what is 4 + -170191c?
-1701918
In base 12